[INFO] cloning repository https://github.com/btnguyenPersonal/cardgame
[INFO] running `Command { std: "git" "-c" "credential.helper=" "-c" "credential.helper=/workspace/cargo-home/bin/git-credential-null" "clone" "--bare" "https://github.com/btnguyenPersonal/cardgame" "/workspace/cache/git-repos/https%3A%2F%2Fgithub.com%2FbtnguyenPersonal%2Fcardgame", kill_on_drop: false }`
[INFO] [stderr] Cloning into bare repository '/workspace/cache/git-repos/https%3A%2F%2Fgithub.com%2FbtnguyenPersonal%2Fcardgame'...
[INFO] running `Command { std: "git" "rev-parse" "HEAD", kill_on_drop: false }`
[INFO] [stdout] 98e5f1dfa61d89efdf076659467e14d7f1f912be
[INFO] checking btnguyenPersonal/cardgame against master#9610dfe5a9a731ced1ea4923ecbd0c57fe367898 for beta-170-4
[INFO] running `Command { std: "git" "clone" "/workspace/cache/git-repos/https%3A%2F%2Fgithub.com%2FbtnguyenPersonal%2Fcardgame" "/workspace/builds/worker-5-tc1/source", kill_on_drop: false }`
[INFO] [stderr] Cloning into '/workspace/builds/worker-5-tc1/source'...
[INFO] [stderr] done.
[INFO] validating manifest of git repo https://github.com/btnguyenPersonal/cardgame on toolchain 9610dfe5a9a731ced1ea4923ecbd0c57fe367898
[INFO] running `Command { std: CARGO_HOME="/workspace/cargo-home" RUSTUP_HOME="/workspace/rustup-home" "/workspace/cargo-home/bin/cargo" "+9610dfe5a9a731ced1ea4923ecbd0c57fe367898" "metadata" "--manifest-path" "Cargo.toml" "--no-deps", kill_on_drop: false }`
[INFO] started tweaking git repo https://github.com/btnguyenPersonal/cardgame
[INFO] finished tweaking git repo https://github.com/btnguyenPersonal/cardgame
[INFO] tweaked toml for git repo https://github.com/btnguyenPersonal/cardgame written to /workspace/builds/worker-5-tc1/source/Cargo.toml
[INFO] crate git repo https://github.com/btnguyenPersonal/cardgame already has a lockfile, it will not be regenerated
[INFO] running `Command { std: CARGO_HOME="/workspace/cargo-home" RUSTUP_HOME="/workspace/rustup-home" "/workspace/cargo-home/bin/cargo" "+9610dfe5a9a731ced1ea4923ecbd0c57fe367898" "fetch" "--manifest-path" "Cargo.toml", kill_on_drop: false }`
[INFO] running `Command { std: "docker" "create" "-v" "/var/lib/crater-agent-workspace/builds/worker-5-tc1/target:/opt/rustwide/target:rw,Z" "-v" "/var/lib/crater-agent-workspace/builds/worker-5-tc1/source:/opt/rustwide/workdir:ro,Z" "-v" "/var/lib/crater-agent-workspace/cargo-home:/opt/rustwide/cargo-home:ro,Z" "-v" "/var/lib/crater-agent-workspace/rustup-home:/opt/rustwide/rustup-home:ro,Z" "-e" "SOURCE_DIR=/opt/rustwide/workdir" "-e" "CARGO_TARGET_DIR=/opt/rustwide/target" "-e" "CARGO_HOME=/opt/rustwide/cargo-home" "-e" "RUSTUP_HOME=/opt/rustwide/rustup-home" "-w" "/opt/rustwide/workdir" "-m" "1610612736" "--user" "0:0" "--network" "none" "ghcr.io/rust-lang/crates-build-env/linux@sha256:19e73879b68f455e41552ea35293514db52ea292d993f571636dbffedb77a1ee" "/opt/rustwide/cargo-home/bin/cargo" "+9610dfe5a9a731ced1ea4923ecbd0c57fe367898" "metadata" "--no-deps" "--format-version=1", kill_on_drop: false }`
[INFO] [stdout] b90f027422c9e5e0a0015ab57da71d7d20f4ac43266211942632655a889a3c03
[INFO] running `Command { std: "docker" "start" "-a" "b90f027422c9e5e0a0015ab57da71d7d20f4ac43266211942632655a889a3c03", kill_on_drop: false }`
[INFO] running `Command { std: "docker" "inspect" "b90f027422c9e5e0a0015ab57da71d7d20f4ac43266211942632655a889a3c03", kill_on_drop: false }`
[INFO] running `Command { std: "docker" "rm" "-f" "b90f027422c9e5e0a0015ab57da71d7d20f4ac43266211942632655a889a3c03", kill_on_drop: false }`
[INFO] [stdout] b90f027422c9e5e0a0015ab57da71d7d20f4ac43266211942632655a889a3c03
[INFO] running `Command { std: "docker" "create" "-v" "/var/lib/crater-agent-workspace/builds/worker-5-tc1/target:/opt/rustwide/target:rw,Z" "-v" "/var/lib/crater-agent-workspace/builds/worker-5-tc1/source:/opt/rustwide/workdir:ro,Z" "-v" "/var/lib/crater-agent-workspace/cargo-home:/opt/rustwide/cargo-home:ro,Z" "-v" "/var/lib/crater-agent-workspace/rustup-home:/opt/rustwide/rustup-home:ro,Z" "-e" "SOURCE_DIR=/opt/rustwide/workdir" "-e" "CARGO_TARGET_DIR=/opt/rustwide/target" "-e" "CARGO_INCREMENTAL=0" "-e" "RUST_BACKTRACE=full" "-e" "RUSTFLAGS=--cap-lints=forbid" "-e" "RUSTDOCFLAGS=--cap-lints=forbid" "-e" "CARGO_HOME=/opt/rustwide/cargo-home" "-e" "RUSTUP_HOME=/opt/rustwide/rustup-home" "-w" "/opt/rustwide/workdir" "-m" "1610612736" "--user" "0:0" "--network" "none" "ghcr.io/rust-lang/crates-build-env/linux@sha256:19e73879b68f455e41552ea35293514db52ea292d993f571636dbffedb77a1ee" "/opt/rustwide/cargo-home/bin/cargo" "+9610dfe5a9a731ced1ea4923ecbd0c57fe367898" "check" "--frozen" "--all" "--all-targets" "--message-format=json", kill_on_drop: false }`
[INFO] [stdout] 692561cbcf850cd3977f5b71a650aedc9460436c19e495a68d405e76edfe9796
[INFO] running `Command { std: "docker" "start" "-a" "692561cbcf850cd3977f5b71a650aedc9460436c19e495a68d405e76edfe9796", kill_on_drop: false }`
[INFO] [stderr]    Compiling pkg-config v0.3.25
[INFO] [stderr]    Compiling syn v1.0.96
[INFO] [stderr]    Compiling futures-task v0.3.21
[INFO] [stderr]    Compiling futures-util v0.3.21
[INFO] [stderr]    Compiling futures-channel v0.3.21
[INFO] [stderr]    Compiling gio v0.8.1
[INFO] [stderr]    Compiling cairo-rs v0.8.1
[INFO] [stderr]    Compiling gdk-pixbuf v0.8.0
[INFO] [stderr]     Checking futures-io v0.3.21
[INFO] [stderr]    Compiling pango v0.8.0
[INFO] [stderr]    Compiling gdk v0.12.1
[INFO] [stderr]    Compiling atk v0.8.0
[INFO] [stderr]    Compiling gtk v0.8.1
[INFO] [stderr]    Compiling glib-sys v0.9.1
[INFO] [stderr]    Compiling gobject-sys v0.9.1
[INFO] [stderr]    Compiling gio-sys v0.9.1
[INFO] [stderr]    Compiling gdk-pixbuf-sys v0.9.1
[INFO] [stderr]    Compiling pango-sys v0.9.1
[INFO] [stderr]    Compiling cairo-sys-rs v0.9.2
[INFO] [stderr]    Compiling atk-sys v0.9.1
[INFO] [stderr]    Compiling gdk-sys v0.9.1
[INFO] [stderr]    Compiling gtk-sys v0.9.2
[INFO] [stderr]    Compiling futures-macro v0.3.21
[INFO] [stderr]     Checking futures-executor v0.3.21
[INFO] [stderr]     Checking glib v0.9.3
[INFO] [stderr]     Checking cardgame v0.1.0 (/opt/rustwide/workdir)
[INFO] [stdout] error: couldn't read src/../resources/resources.gresource: No such file or directory (os error 2)
[INFO] [stdout]   --> src/main.rs:13:31
[INFO] [stdout]    |
[INFO] [stdout] 13 |         let resources_bytes = include_bytes!("../resources/resources.gresource");
[INFO] [stdout]    |                               ^^^^^^^^^^^^^^^^^^^^^^^^^^^^^^^^^^^^^^^^^^^^^^^^^^
[INFO] [stdout]    |
[INFO] [stdout]    = note: this error originates in the macro `include_bytes` (in Nightly builds, run with -Z macro-backtrace for more info)
[INFO] [stdout] 
[INFO] [stdout] 
[INFO] [stdout] error[E0433]: failed to resolve: use of undeclared crate or module `gio`
[INFO] [stdout]  --> src/main.rs:3:5
[INFO] [stdout]   |
[INFO] [stdout] 3 | use gio::prelude::*;
[INFO] [stdout]   |     ^^^ use of undeclared crate or module `gio`
[INFO] [stdout] 
[INFO] [stdout] 
[INFO] [stdout] error: couldn't read src/../resources/resources.gresource: No such file or directory (os error 2)
[INFO] [stdout]   --> src/main.rs:13:31
[INFO] [stdout]    |
[INFO] [stdout] 13 |         let resources_bytes = include_bytes!("../resources/resources.gresource");
[INFO] [stdout]    |                               ^^^^^^^^^^^^^^^^^^^^^^^^^^^^^^^^^^^^^^^^^^^^^^^^^^
[INFO] [stdout]    |
[INFO] [stdout]    = note: this error originates in the macro `include_bytes` (in Nightly builds, run with -Z macro-backtrace for more info)
[INFO] [stdout] 
[INFO] [stdout] 
[INFO] [stdout] error[E0433]: failed to resolve: use of undeclared crate or module `gio`
[INFO] [stdout]  --> src/main.rs:3:5
[INFO] [stdout]   |
[INFO] [stdout] 3 | use gio::prelude::*;
[INFO] [stdout]   |     ^^^ use of undeclared crate or module `gio`
[INFO] [stdout] 
[INFO] [stdout] 
[INFO] [stdout] error[E0433]: failed to resolve: use of undeclared crate or module `gio`
[INFO] [stdout]   --> src/main.rs:15:19
[INFO] [stdout]    |
[INFO] [stdout] 15 |         let res = gio::Resource::new_from_data(&resource_data).unwrap();
[INFO] [stdout]    |                   ^^^ use of undeclared crate or module `gio`
[INFO] [stdout] 
[INFO] [stdout] 
[INFO] [stdout] error[E0433]: failed to resolve: use of undeclared crate or module `gio`
[INFO] [stdout]   --> src/main.rs:15:19
[INFO] [stdout]    |
[INFO] [stdout] 15 |         let res = gio::Resource::new_from_data(&resource_data).unwrap();
[INFO] [stdout]    |                   ^^^ use of undeclared crate or module `gio`
[INFO] [stdout] 
[INFO] [stdout] 
[INFO] [stdout] error[E0599]: the method `connect_activate` exists for struct `Application`, but its trait bounds were not satisfied
[INFO] [stdout]   --> src/main.rs:10:17
[INFO] [stdout]    |
[INFO] [stdout] 10 |       application.connect_activate(|app| {
[INFO] [stdout]    |       ------------^^^^^^^^^^^^^^^^ method cannot be called on `Application` due to unsatisfied trait bounds
[INFO] [stdout]    |
[INFO] [stdout]   ::: /opt/rustwide/cargo-home/registry/src/index.crates.io-6f17d22bba15001f/gtk-0.8.1/src/auto/application.rs:24:1
[INFO] [stdout]    |
[INFO] [stdout] 24 | / glib_wrapper! {
[INFO] [stdout] 25 | |     pub struct Application(Object<gtk_sys::GtkApplication, gtk_sys::GtkApplicationClass, ApplicationClass>) @extends gio::Application, @i...
[INFO] [stdout] 26 | |
[INFO] [stdout] 27 | |     match fn {
[INFO] [stdout] 28 | |         get_type => || gtk_sys::gtk_application_get_type(),
[INFO] [stdout] 29 | |     }
[INFO] [stdout] 30 | | }
[INFO] [stdout]    | | -
[INFO] [stdout]    | | |
[INFO] [stdout]    | | doesn't satisfy `gtk::Application: IsA<Expander>`
[INFO] [stdout]    | | doesn't satisfy `gtk::Application: IsA<FlowBoxChild>`
[INFO] [stdout]    | | doesn't satisfy `gtk::Application: IsA<ListBoxRow>`
[INFO] [stdout]    | | doesn't satisfy `gtk::Application: IsA<MenuItem>`
[INFO] [stdout]    | | doesn't satisfy `gtk::Application: IsA<Switch>`
[INFO] [stdout]    | | doesn't satisfy `gtk::Application: IsA<gtk::Button>`
[INFO] [stdout]    | | doesn't satisfy `gtk::Application: IsA<gtk::Entry>`
[INFO] [stdout]    | | doesn't satisfy `gtk::Application: gtk::ButtonExt`
[INFO] [stdout]    | | doesn't satisfy `gtk::Application: gtk::EntryExt`
[INFO] [stdout]    | | doesn't satisfy `gtk::Application: gtk::ExpanderExt`
[INFO] [stdout]    | | doesn't satisfy `gtk::Application: gtk::FlowBoxChildExt`
[INFO] [stdout]    | | doesn't satisfy `gtk::Application: gtk::GtkMenuItemExt`
[INFO] [stdout]    | |_doesn't satisfy `gtk::Application: gtk::ListBoxRowExt`
[INFO] [stdout]    |   doesn't satisfy `gtk::Application: gtk::SwitchExt`
[INFO] [stdout]    |
[INFO] [stdout]    = note: the following trait bounds were not satisfied:
[INFO] [stdout]            `gtk::Application: IsA<gtk::Button>`
[INFO] [stdout]            which is required by `gtk::Application: gtk::ButtonExt`
[INFO] [stdout]            `gtk::Application: IsA<gtk::Entry>`
[INFO] [stdout]            which is required by `gtk::Application: gtk::EntryExt`
[INFO] [stdout]            `gtk::Application: IsA<Expander>`
[INFO] [stdout]            which is required by `gtk::Application: gtk::ExpanderExt`
[INFO] [stdout]            `gtk::Application: IsA<FlowBoxChild>`
[INFO] [stdout]            which is required by `gtk::Application: gtk::FlowBoxChildExt`
[INFO] [stdout]            `gtk::Application: IsA<ListBoxRow>`
[INFO] [stdout]            which is required by `gtk::Application: gtk::ListBoxRowExt`
[INFO] [stdout]            `gtk::Application: IsA<MenuItem>`
[INFO] [stdout]            which is required by `gtk::Application: gtk::GtkMenuItemExt`
[INFO] [stdout]            `gtk::Application: IsA<Switch>`
[INFO] [stdout]            which is required by `gtk::Application: gtk::SwitchExt`
[INFO] [stdout]    = help: items from traits can only be used if the trait is in scope
[INFO] [stdout] help: the following trait is implemented but not in scope; perhaps add a `use` for it:
[INFO] [stdout]    |
[INFO] [stdout] 1  + use gio::auto::application::ApplicationExt;
[INFO] [stdout]    |
[INFO] [stdout] 
[INFO] [stdout] 
[INFO] [stdout] error[E0433]: failed to resolve: use of undeclared crate or module `gio`
[INFO] [stdout]   --> src/main.rs:16:9
[INFO] [stdout]    |
[INFO] [stdout] 16 |         gio::resources_register(&res);
[INFO] [stdout]    |         ^^^ use of undeclared crate or module `gio`
[INFO] [stdout] 
[INFO] [stdout] 
[INFO] [stdout] error[E0599]: the method `connect_activate` exists for struct `Application`, but its trait bounds were not satisfied
[INFO] [stdout]   --> src/main.rs:10:17
[INFO] [stdout]    |
[INFO] [stdout] 10 |       application.connect_activate(|app| {
[INFO] [stdout]    |       ------------^^^^^^^^^^^^^^^^ method cannot be called on `Application` due to unsatisfied trait bounds
[INFO] [stdout]    |
[INFO] [stdout]   ::: /opt/rustwide/cargo-home/registry/src/index.crates.io-6f17d22bba15001f/gtk-0.8.1/src/auto/application.rs:24:1
[INFO] [stdout]    |
[INFO] [stdout] 24 | / glib_wrapper! {
[INFO] [stdout] 25 | |     pub struct Application(Object<gtk_sys::GtkApplication, gtk_sys::GtkApplicationClass, ApplicationClass>) @extends gio::Application, @i...
[INFO] [stdout] 26 | |
[INFO] [stdout] 27 | |     match fn {
[INFO] [stdout] 28 | |         get_type => || gtk_sys::gtk_application_get_type(),
[INFO] [stdout] 29 | |     }
[INFO] [stdout] 30 | | }
[INFO] [stdout]    | | -
[INFO] [stdout]    | | |
[INFO] [stdout]    | | doesn't satisfy `gtk::Application: IsA<Expander>`
[INFO] [stdout]    | | doesn't satisfy `gtk::Application: IsA<FlowBoxChild>`
[INFO] [stdout]    | | doesn't satisfy `gtk::Application: IsA<ListBoxRow>`
[INFO] [stdout]    | | doesn't satisfy `gtk::Application: IsA<MenuItem>`
[INFO] [stdout]    | | doesn't satisfy `gtk::Application: IsA<Switch>`
[INFO] [stdout]    | | doesn't satisfy `gtk::Application: IsA<gtk::Button>`
[INFO] [stdout]    | | doesn't satisfy `gtk::Application: IsA<gtk::Entry>`
[INFO] [stdout]    | | doesn't satisfy `gtk::Application: gtk::ButtonExt`
[INFO] [stdout]    | | doesn't satisfy `gtk::Application: gtk::EntryExt`
[INFO] [stdout]    | | doesn't satisfy `gtk::Application: gtk::ExpanderExt`
[INFO] [stdout]    | | doesn't satisfy `gtk::Application: gtk::FlowBoxChildExt`
[INFO] [stdout]    | | doesn't satisfy `gtk::Application: gtk::GtkMenuItemExt`
[INFO] [stdout]    | |_doesn't satisfy `gtk::Application: gtk::ListBoxRowExt`
[INFO] [stdout]    |   doesn't satisfy `gtk::Application: gtk::SwitchExt`
[INFO] [stdout]    |
[INFO] [stdout]    = note: the following trait bounds were not satisfied:
[INFO] [stdout]            `gtk::Application: IsA<gtk::Button>`
[INFO] [stdout]            which is required by `gtk::Application: gtk::ButtonExt`
[INFO] [stdout]            `gtk::Application: IsA<gtk::Entry>`
[INFO] [stdout]            which is required by `gtk::Application: gtk::EntryExt`
[INFO] [stdout]            `gtk::Application: IsA<Expander>`
[INFO] [stdout]            which is required by `gtk::Application: gtk::ExpanderExt`
[INFO] [stdout]            `gtk::Application: IsA<FlowBoxChild>`
[INFO] [stdout]            which is required by `gtk::Application: gtk::FlowBoxChildExt`
[INFO] [stdout]            `gtk::Application: IsA<ListBoxRow>`
[INFO] [stdout]            which is required by `gtk::Application: gtk::ListBoxRowExt`
[INFO] [stdout]            `gtk::Application: IsA<MenuItem>`
[INFO] [stdout]            which is required by `gtk::Application: gtk::GtkMenuItemExt`
[INFO] [stdout]            `gtk::Application: IsA<Switch>`
[INFO] [stdout]            which is required by `gtk::Application: gtk::SwitchExt`
[INFO] [stdout]    = help: items from traits can only be used if the trait is in scope
[INFO] [stdout] help: the following trait is implemented but not in scope; perhaps add a `use` for it:
[INFO] [stdout]    |
[INFO] [stdout] 1  + use gio::auto::application::ApplicationExt;
[INFO] [stdout]    |
[INFO] [stdout] 
[INFO] [stdout] 
[INFO] [stdout] error[E0433]: failed to resolve: use of undeclared crate or module `gio`
[INFO] [stdout]   --> src/main.rs:16:9
[INFO] [stdout]    |
[INFO] [stdout] 16 |         gio::resources_register(&res);
[INFO] [stdout]    |         ^^^ use of undeclared crate or module `gio`
[INFO] [stdout] 
[INFO] [stdout] 
[INFO] [stdout] error[E0599]: no method named `load_from_resource` found for struct `CssProvider` in the current scope
[INFO] [stdout]   --> src/main.rs:20:18
[INFO] [stdout]    |
[INFO] [stdout] 20 |         provider.load_from_resource("/org/example/Example/style.css");
[INFO] [stdout]    |                  ^^^^^^^^^^^^^^^^^^ method not found in `CssProvider`
[INFO] [stdout] 
[INFO] [stdout] 
[INFO] [stdout] error[E0599]: the method `run` exists for struct `Application`, but its trait bounds were not satisfied
[INFO] [stdout]   --> src/main.rs:38:17
[INFO] [stdout]    |
[INFO] [stdout] 38 |       application.run(&args().collect::<Vec<_>>());
[INFO] [stdout]    |                   ^^^ method cannot be called on `Application` due to unsatisfied trait bounds
[INFO] [stdout]    |
[INFO] [stdout]   ::: /opt/rustwide/cargo-home/registry/src/index.crates.io-6f17d22bba15001f/gtk-0.8.1/src/auto/application.rs:24:1
[INFO] [stdout]    |
[INFO] [stdout] 24 | / glib_wrapper! {
[INFO] [stdout] 25 | |     pub struct Application(Object<gtk_sys::GtkApplication, gtk_sys::GtkApplicationClass, ApplicationClass>) @extends gio::Application, @i...
[INFO] [stdout] 26 | |
[INFO] [stdout] 27 | |     match fn {
[INFO] [stdout] 28 | |         get_type => || gtk_sys::gtk_application_get_type(),
[INFO] [stdout] 29 | |     }
[INFO] [stdout] 30 | | }
[INFO] [stdout]    | | -
[INFO] [stdout]    | | |
[INFO] [stdout]    | | doesn't satisfy `gtk::Application: IsA<PrintOperation>`
[INFO] [stdout]    | | doesn't satisfy `gtk::Application: IsA<gtk::Dialog>`
[INFO] [stdout]    | |_doesn't satisfy `gtk::Application: gtk::DialogExt`
[INFO] [stdout]    |   doesn't satisfy `gtk::Application: gtk::PrintOperationExt`
[INFO] [stdout]    |
[INFO] [stdout]    = note: the following trait bounds were not satisfied:
[INFO] [stdout]            `gtk::Application: IsA<gtk::Dialog>`
[INFO] [stdout]            which is required by `gtk::Application: gtk::DialogExt`
[INFO] [stdout]            `gtk::Application: IsA<PrintOperation>`
[INFO] [stdout]            which is required by `gtk::Application: gtk::PrintOperationExt`
[INFO] [stdout]    = help: items from traits can only be used if the trait is in scope
[INFO] [stdout] help: the following trait is implemented but not in scope; perhaps add a `use` for it:
[INFO] [stdout]    |
[INFO] [stdout] 1  + use gio::application::ApplicationExtManual;
[INFO] [stdout]    |
[INFO] [stdout] 
[INFO] [stdout] 
[INFO] [stdout] error[E0599]: no method named `load_from_resource` found for struct `CssProvider` in the current scope
[INFO] [stdout]   --> src/main.rs:20:18
[INFO] [stdout]    |
[INFO] [stdout] 20 |         provider.load_from_resource("/org/example/Example/style.css");
[INFO] [stdout]    |                  ^^^^^^^^^^^^^^^^^^ method not found in `CssProvider`
[INFO] [stdout] 
[INFO] [stdout] 
[INFO] [stdout] error: aborting due to 7 previous errors
[INFO] [stdout] 
[INFO] [stdout] 
[INFO] [stdout] Some errors have detailed explanations: E0433, E0599.
[INFO] [stdout] 
[INFO] [stdout] For more information about an error, try `rustc --explain E0433`.
[INFO] [stdout] 
[INFO] [stdout] error[E0599]: the method `run` exists for struct `Application`, but its trait bounds were not satisfied
[INFO] [stdout]   --> src/main.rs:38:17
[INFO] [stdout]    |
[INFO] [stdout] 38 |       application.run(&args().collect::<Vec<_>>());
[INFO] [stdout]    |                   ^^^ method cannot be called on `Application` due to unsatisfied trait bounds
[INFO] [stdout]    |
[INFO] [stdout]   ::: /opt/rustwide/cargo-home/registry/src/index.crates.io-6f17d22bba15001f/gtk-0.8.1/src/auto/application.rs:24:1
[INFO] [stdout]    |
[INFO] [stdout] 24 | / glib_wrapper! {
[INFO] [stdout] 25 | |     pub struct Application(Object<gtk_sys::GtkApplication, gtk_sys::GtkApplicationClass, ApplicationClass>) @extends gio::Application, @i...
[INFO] [stdout] 26 | |
[INFO] [stdout] 27 | |     match fn {
[INFO] [stdout] 28 | |         get_type => || gtk_sys::gtk_application_get_type(),
[INFO] [stdout] 29 | |     }
[INFO] [stdout] 30 | | }
[INFO] [stdout]    | | -
[INFO] [stdout]    | | |
[INFO] [stdout]    | | doesn't satisfy `gtk::Application: IsA<PrintOperation>`
[INFO] [stdout]    | | doesn't satisfy `gtk::Application: IsA<gtk::Dialog>`
[INFO] [stdout]    | |_doesn't satisfy `gtk::Application: gtk::DialogExt`
[INFO] [stdout]    |   doesn't satisfy `gtk::Application: gtk::PrintOperationExt`
[INFO] [stdout]    |
[INFO] [stdout]    = note: the following trait bounds were not satisfied:
[INFO] [stdout]            `gtk::Application: IsA<gtk::Dialog>`
[INFO] [stdout]            which is required by `gtk::Application: gtk::DialogExt`
[INFO] [stdout]            `gtk::Application: IsA<PrintOperation>`
[INFO] [stdout]            which is required by `gtk::Application: gtk::PrintOperationExt`
[INFO] [stdout]    = help: items from traits can only be used if the trait is in scope
[INFO] [stdout] help: the following trait is implemented but not in scope; perhaps add a `use` for it:
[INFO] [stdout]    |
[INFO] [stdout] 1  + use gio::application::ApplicationExtManual;
[INFO] [stdout]    |
[INFO] [stdout] 
[INFO] [stdout] 
[INFO] [stdout] error: aborting due to 7 previous errors
[INFO] [stdout] 
[INFO] [stdout] 
[INFO] [stdout] Some errors have detailed explanations: E0433, E0599.
[INFO] [stdout] 
[INFO] [stdout] For more information about an error, try `rustc --explain E0433`.
[INFO] [stdout] 
[INFO] [stderr] error: could not compile `cardgame` (bin "cardgame" test) due to 8 previous errors
[INFO] [stderr] warning: build failed, waiting for other jobs to finish...
[INFO] [stderr] error: could not compile `cardgame` (bin "cardgame") due to 8 previous errors
[INFO] running `Command { std: "docker" "inspect" "692561cbcf850cd3977f5b71a650aedc9460436c19e495a68d405e76edfe9796", kill_on_drop: false }`
[INFO] running `Command { std: "docker" "rm" "-f" "692561cbcf850cd3977f5b71a650aedc9460436c19e495a68d405e76edfe9796", kill_on_drop: false }`
[INFO] [stdout] 692561cbcf850cd3977f5b71a650aedc9460436c19e495a68d405e76edfe9796
